25982042 and 12?
6
What is the highest common divisor of 2806 and 2235913398?
2806
Calculate the highest common divisor of 13929740 and 84.
4
Calculate the highest common factor of 4484 and 4611452.
76
Calculate the highest common factor of 56427683 and 611.
611
What is the highest common divisor of 24500462 and 672?
14
What is the highest common divisor of 525 and 8793435?
105
What is the greatest common factor of 10617040 and 840?
280
Calculate the highest common factor of 18 and 16431462.
18
What is the highest common divisor of 11837 and 24769388?
133
What is the highest common divisor of 845 and 42827135?
845
Calculate the highest common divisor of 2316430 and 5370.
10
Calculate the highest common divisor of 5763 and 865266.
51
What is the greatest common factor of 2498676 and 93?
3
Calculate the highest common divisor of 25994 and 12680.
634
What is the greatest common factor of 5008482 and 1065?
213
What is the greatest common factor of 1070 and 71332620?
1070
Calculate the highest common divisor of 3378940 and 10492.
172
What is the highest common divisor of 2474835 and 52638?
849
Calculate the highest common divisor of 8 and 184084.
4
Calculate the highest common factor of 3810 and 1285875.
1905
Calculate the highest common factor of 4441141 and 277.
277
Calculate the highest common factor of 59798241 and 47.
47
What is the greatest common factor of 2585919 and 1533?
21
Calculate the greatest common divisor of 17860 and 223580.
20
What is the greatest common divisor of 8834 and 953316693?
4417
Calculate the highest common factor of 3830220 and 1137475.
865
What is the greatest common divisor of 2099 and 10495000?
2099
What is the greatest common divisor of 230304 and 1608?
24
What is the highest common divisor of 663140 and 860?
20
Calculate the highest common factor of 928 and 511734.
58
Calculate the greatest common divisor of 4911110 and 2684.
122
What is the highest common divisor of 3440989 and 1222189?
1849
Calculate the highest common divisor of 35459328 and 62208.
768
What is the highest common divisor of 927207336 and 22?
22
What is the greatest common factor of 2135 and 332680?
5
Calculate the highest common factor of 368410 and 8057.
7
What is the highest common factor of 23976285 and 2010?
1005
What is the greatest common divisor of 210 and 45442140?
30
Calculate the highest common factor of 34219 and 360316.
19
What is the greatest common divisor of 55267779 and 70?
7
Calculate the greatest common factor of 333 and 32754287.
37
What is the highest common factor of 540760403 and 8846?
4423
What is the highest common factor of 474454 and 19625?
157
Calculate the highest common divisor of 2692634 and 5904.
82
Calculate the greatest common divisor of 20607597 and 8411.
647
What is the greatest common factor of 128899244 and 2054?
158
What is the greatest common factor of 2911 and 63193621?
71
Calculate the greatest common factor of 3120390 and 81.
27
Calculate the greatest common factor of 383032 and 19227.
377
What is the greatest common divisor of 2970 and 45780900?
330
Calculate the greatest common factor of 58300 and 178060.
20
What is the greatest common divisor of 26376 and 15782268?
1884
Calculate the highest common divisor of 42774 and 19041.
3
What is the highest common factor of 730553995 and 19340?
4835
Calculate the highest common factor of 3167508 and 204.
204
What is the highest common divisor of 2264 and 831368?
8
What is the greatest common factor of 2959 and 349954?
11
What is the greatest common divisor of 298453 and 19234?
163
Calculate the highest common divisor of 3705610 and 30.
10
What is the highest common divisor of 29283982 and 27378?
338
What is the greatest common factor of 19104613 and 22?
11
What is the highest common factor of 5440 and 84407720?
680
What is the highest common factor of 1730 and 89647735?
865
Calculate the highest common factor of 29232 and 65511.
261
What is the highest common factor of 130 and 22514890?
10
What is the highest common factor of 5496080 and 69?
23
Calculate the greatest common factor of 19211643 and 99.
99
What is the highest common divisor of 6290 and 5209378?
1258
What is the greatest common divisor of 116841 and 918459?
1479
Calculate the highest common divisor of 921288 and 55384.
184
Calculate the highest common factor of 926995322 and 12956.
6478
What is the greatest common factor of 835315 and 40001?
2353
What is the greatest common divisor of 966358536 and 8?
8
Calculate the highest common factor of 450499764 and 572.
572
What is the greatest common factor of 106898870 and 2210?
130
Calculate the greatest common factor of 14471 and 99868862.
499
What is the highest common divisor of 39459774 and 49134?
2586
What is the greatest common factor of 109 and 688590278?
109
Calculate the greatest common divisor of 271900703 and 17.
17
Calculate the highest common divisor of 3656487 and 57.
3
What is the highest common divisor of 18228 and 32976?
12
Calculate the highest common divisor of 8 and 200365496.
8
What is the highest common factor of 1112 and 2672414?
278
Calculate the highest common divisor of 488 and 6693286.
122
What is the highest common divisor of 27 and 36051363?
9
What is the greatest common divisor of 2073033 and 21103?
449
Calculate the highest common factor of 1130867 and 5029.
47
Calculate the greatest common factor of 126 and 1808086.
14
What is the highest common factor of 8649740 and 880?
220
What is the greatest common divisor of 119556 and 849479?
41
Calculate the greatest common divisor of 10207980 and 540.
180
What is the highest common factor of 76524 and 3380076?
84
What is the greatest common divisor of 13922496 and 850752?
4032
What is the highest common factor of 2845 and 36035?
5
What is the highest common divisor of 26125 and 1432125?
2375
Calculate the greatest common divisor of 23344040 and 16280.
1480
Calculate the greatest common divisor of 1339690 and 5016.
418
Calculate the highest common divisor of 11832224 and 23392.
1376
What is the highest common divisor of 11070 and 61452?
54
Calculate the highest common divisor of 151731 and 805.
23
What is the greatest common divisor of 2928 and 3484686?
366
What is the highest common divisor of 71 and 2526791381?
71
What is the greatest common factor of 598701362 and 14?
14
What is the highest common divisor of 21704580 and 102?
102
What is the highest common divisor of 26250 and 580500?
750
What is the highest common factor of 48 and 10611936?
48
Calculate the greatest common factor of 1429 and 459149132.
1429
Calculate the highest common divisor of 513 and 23140119.
57
What is the greatest common factor of 26069 and 4784382?
131
Calculate the greatest common divisor of 12140 and 2010116920.
12140
What is the highest common factor of 226 and 17979769?
113
What is the highest common factor of 4296552 and 83096?
4888
Calculate the highest common divisor of 1758988 and 7700.
308
What is the greatest common factor of 51604 and 607220?
388
What is the greatest common factor of 470607 and 9579?
309
Calculate the greatest common factor of 1464 and 23045328.
24
What is the greatest common divisor of 128128 and 87123036?
4004
Calculate the greatest common divisor of 11104209 and 405.
81
Calculate the greatest common divisor of 195054 and 2646453.
1653
Calculate the greatest common divisor of 25184 and 20512.
32
Calculate the greatest common divisor of 9081139 and 63019.
337
What is the highest common factor of 551830 and 1590160?
1390
What is the highest common factor of 200337 and 2838?
129
Calculate the highest common factor of 182668392 and 60248.
3544
Calculate the highest common factor of 221370 and 5704860.
1410
Calculate the greatest common factor of 89271 and 1244243.
91
What is the greatest common divisor of 2268 and 11595150?
1134
What is the highest common factor of 91487 and 48961?
11
Calculate the greatest common divisor of 6979 and 130685763.
997
What is the greatest common divisor of 288799 and 35?
7
What is the highest common factor of 27299998 and 542?
542
What is the highest common divisor of 48 and 3680624?
16
What is the greatest common factor of 79403 and 158?
1
What is the greatest common factor of 126 and 12582682?
14
Calculate the highest common factor of 609932